actor of 341 and 4.
1
What is the greatest common factor of 65 and 5?
5
What is the highest common factor of 33 and 77?
11
Calculate the greatest common factor of 351 and 260.
13
What is the greatest common divisor of 29 and 37091?
29
Calculate the highest common divisor of 16 and 432.
16
Calculate the greatest common factor of 72 and 90.
18
What is the greatest common divisor of 843 and 281?
281
Calculate the highest common factor of 24 and 78.
6
What is the greatest common divisor of 7453 and 29?
29
Calculate the greatest common factor of 22 and 231.
11
Calculate the highest common divisor of 39 and 741.
39
Calculate the greatest common divisor of 198 and 88.
22
Calculate the highest common divisor of 132 and 33.
33
Calculate the highest common divisor of 83 and 9047.
83
Calculate the greatest common factor of 675 and 270.
135
What is the greatest common factor of 444 and 24?
12
Calculate the highest common factor of 231 and 385.
77
What is the greatest common divisor of 43 and 473?
43
What is the highest common divisor of 3597 and 759?
33
What is the greatest common divisor of 245 and 665?
35
What is the highest common factor of 122 and 7625?
61
What is the greatest common factor of 2 and 38?
2
Calculate the highest common divisor of 12256 and 64.
32
Calculate the greatest common factor of 182 and 553.
7
What is the highest common divisor of 25410 and 60?
30
What is the greatest common divisor of 35 and 105?
35
Calculate the greatest common divisor of 2911 and 497.
71
Calculate the highest common divisor of 48 and 20736.
48
What is the highest common factor of 936 and 328?
8
What is the highest common factor of 5704 and 46?
46
What is the greatest common factor of 182 and 371?
7
Calculate the greatest common factor of 2980 and 140.
20
What is the greatest common divisor of 40 and 250?
10
Calculate the greatest common factor of 50 and 10.
10
Calculate the greatest common factor of 123 and 31775.
41
What is the greatest common factor of 17499 and 57?
57
Calculate the greatest common factor of 144 and 1392.
48
What is the highest common divisor of 28 and 236?
4
Calculate the highest common factor of 54 and 162.
54
What is the highest common factor of 588 and 1904?
28
Calculate the highest common factor of 92 and 115.
23
Calculate the greatest common factor of 57 and 3325.
19
Calculate the greatest common factor of 1504 and 2209.
47
What is the highest common factor of 14787 and 636?
159
What is the highest common divisor of 833 and 28?
7
What is the highest common factor of 18 and 17046?
18
What is the greatest common factor of 45 and 285?
15
Calculate the highest common divisor of 848 and 16.
16
What is the highest common factor of 95 and 304?
19
What is the highest common divisor of 96 and 72?
24
What is the greatest common divisor of 315 and 18?
9
What is the greatest common factor of 55 and 125?
5
What is the greatest common factor of 48 and 276?
12
Calculate the highest common divisor of 8528 and 1872.
208
Calculate the greatest common divisor of 75 and 60.
15
What is the greatest common divisor of 378 and 108?
54
Calculate the greatest common factor of 9 and 1368.
9
Calculate the greatest common divisor of 6344 and 65.
13
Calculate the highest common divisor of 6 and 98.
2
Calculate the highest common divisor of 73 and 73.
73
Calculate the highest common divisor of 1364 and 1188.
44
Calculate the highest common factor of 8 and 2808.
8
Calculate the greatest common factor of 2156 and 44.
44
What is the greatest common factor of 360 and 126?
18
Calculate the highest common divisor of 96 and 12.
12
Calculate the highest common divisor of 1518 and 690.
138
What is the greatest common factor of 519 and 21?
3
Calculate the greatest common divisor of 42 and 924.
42
What is the highest common divisor of 7474 and 148?
74
Calculate the greatest common factor of 68 and 4.
4
Calculate the highest common divisor of 357 and 49742.
119
What is the greatest common divisor of 234 and 1287?
117
Calculate the highest common divisor of 22 and 1122.
22
Calculate the highest common divisor of 39680 and 31.
31
Calculate the greatest common divisor of 520 and 195.
65
Calculate the greatest common divisor of 1550 and 50.
50
Calculate the greatest common factor of 12 and 750.
6
What is the highest common factor of 66 and 66?
66
Calculate the highest common divisor of 264 and 363.
33
What is the highest common divisor of 57 and 4883?
19
What is the greatest common divisor of 1547 and 7?
7
What is the greatest common factor of 117 and 8502?
39
Calculate the highest common factor of 21 and 1659.
21
What is the highest common divisor of 20 and 260?
20
Calculate the greatest common factor of 171 and 36.
9
Calculate the highest common factor of 23 and 3.
1
Calculate the highest common factor of 3940 and 120.
20
Calculate the highest common divisor of 5609 and 237.
79
What is the highest common divisor of 165 and 7?
1
Calculate the greatest common factor of 552 and 36.
12
Calculate the highest common factor of 460 and 1012.
92
Calculate the highest common divisor of 21 and 336.
21
What is the highest common factor of 100 and 450?
50
Calculate the greatest common factor of 23681 and 238.
119
What is the highest common factor of 30 and 705?
15
What is the highest common factor of 174 and 42?
6
Calculate the greatest common factor of 224 and 196.
28
What is the greatest common factor of 153 and 391?
17
What is the greatest common divisor of 128 and 80?
16
Calculate the highest common divisor of 548 and 8.
4
What is the greatest common divisor of 1247 and 129?
43
What is the greatest common factor of 559 and 143?
13
What is the greatest common divisor of 15 and 255?
15
What is the greatest common divisor of 21 and 20664?
21
What is the highest common divisor of 9894 and 34?
34
What is the greatest common divisor of 640 and 40?
40
What is the highest common divisor of 216 and 232?
8
What is the highest common factor of 14 and 322?
14
What is the highest common factor of 115 and 529?
23
What is the highest common divisor of 2990 and 130?
130
Calculate the highest common factor of 104 and 2756.
52
What is the greatest common divisor of 168 and 420?
84
What is the highest common factor of 775 and 875?
25
What is the highest common factor of 19 and 437?
19
What is the greatest common factor of 5226 and 156?
78
Calculate the highest common divisor of 14112 and 32.
32
Calculate the greatest common divisor of 3000 and 8.
8
What is the greatest common factor of 237 and 30?
3
Calculate the highest common factor of 42 and 364.
14
Calculate the highest common divisor of 5 and 32.
1
Calculate the highest common divisor of 147 and 49.
49
Calculate the highest common factor of 52 and 364.
52
What is the highest common divisor of 144 and 192?
48
What is the highest common divisor of 15 and 40740?
15
What is the greatest common factor of 11 and 1496?
11
Calculate the highest common factor of 2773 and 944.
59
What is the greatest common divisor of 91 and 273?
91
Calculate the highest common factor of 30 and 1875.
15
Calculate the greatest common divisor of 3567 and 435.
87
What is the greatest common factor of 1168 and 146?
146
What is the greatest common divisor of 28 and 1148?
28
Calculate the greatest common factor of 232 and 1312.
8
Calculate the highest common factor of 36 and 588.
12
What is the greatest common factor of 1833 and 351?
39
Calculate the highest common factor of 114 and 6.
6
Calculate the greatest common divisor of 126 and 5103.
63
What is the highest common divisor of 272 and 1462?
34
What is the highest common factor of 156 and 15054?
78
What is the greatest common factor of 80 and 60?
20
Calculate the greatest common factor of 3925 and 175.
25
Calculate the highest common factor of 442 and 702.
26
What is the greatest common divisor of 51 and 2771?
17
What is the greatest common factor of 166 and 2?
2
What is the highest common divisor of 26 and 7631?
13
Calculate the greatest common divisor of 66 and 174.
6
Calculate the greatest common factor of 4265 and 10.
5
Calculate the highest common factor of 109513 and 97.
97
Calculate the highest common divisor of 111 and 703.
37
Calculate the highest common divisor of 61 and 38857.
61
Calculate the greatest common divis